{"id":347,"date":"2021-04-05T18:26:44","date_gmt":"2021-04-05T18:26:44","guid":{"rendered":"https:\/\/niwikowin.ca\/?page_id=347"},"modified":"2021-05-21T16:19:41","modified_gmt":"2021-05-21T16:19:41","slug":"metis-culture","status":"publish","type":"page","link":"https:\/\/niwikowin.ca\/?page_id=347","title":{"rendered":"M\u00e9tis Culture"},"content":{"rendered":"\n<div class=\"wp-block-themeisle-blocks-advanced-columns has-1-columns has-desktop-equal-layout has-tablet-equal-layout has-mobile-equal-layout has-default-gap has-vertical-unset\" id=\"wp-block-themeisle-blocks-advanced-columns-b2430068\"><div class=\"wp-block-themeisle-blocks-advanced-columns-overlay\"><\/div><div class=\"innerblocks-wrap\">\n<div class=\"wp-block-themeisle-blocks-advanced-column\" id=\"wp-block-themeisle-blocks-advanced-column-6c980b12\">\n<figure class=\"wp-block-image size-large is-resized\"><img fetchpriority=\"high\" decoding=\"async\" src=\"https:\/\/niwikowin.ca\/wp-content\/uploads\/2021\/05\/IMG-7127-1024x768.jpg\" alt=\"\" class=\"wp-image-427\" width=\"766\" height=\"574\" srcset=\"https:\/\/niwikowin.ca\/wp-content\/uploads\/2021\/05\/IMG-7127-1024x768.jpg 1024w, https:\/\/niwikowin.ca\/wp-content\/uploads\/2021\/05\/IMG-7127-300x225.jpg 300w, https:\/\/niwikowin.ca\/wp-content\/uploads\/2021\/05\/IMG-7127-768x576.jpg 768w, https:\/\/niwikowin.ca\/wp-content\/uploads\/2021\/05\/IMG-7127-1536x1152.jpg 1536w, https:\/\/niwikowin.ca\/wp-content\/uploads\/2021\/05\/IMG-7127-2048x1536.jpg 2048w\" sizes=\"(max-width: 766px) 100vw, 766px\" \/><\/figure>\n<\/div>\n<\/div><\/div>\n\n\n\n<h6 class=\"wp-block-heading\" style=\"font-size:21px\"><strong>The Sash<\/strong><\/h6>\n\n\n\n<h6 class=\"has-normal-font-size wp-block-heading\">The origins of the sash reflect the diversity of the M\u00e9tis experience. The finger-weaving technique used to make the sash was firmly established in Eastern Woodland Indian Traditions. The technique created tumplines, garters and other useful household articles and items of clothing. Plant fibers were used prior to the introduction of wool. Wool and the sash, as an article of clothing, were introduced to the Eastern Woodland peoples by Europeans. The Six Nations Confederacy, Potowatami and other Indian nations of the area blended the two traditions into the finger-woven sash.<\/h6>\n\n\n\n<h6 class=\"has-normal-font-size wp-block-heading\">The French settlers of Qu\u00e9bec created the Assomption variation of the woven sash. The sash was a popular trade item manufactured in a cottage industry in the village of L\u2019Assomption, Qu\u00e9bec. The Qu\u00e9b\u00e9cois and the M\u00e9tis of Western Canada were their biggest customers. Sashes were also made by local M\u00e9tis artisans. Sashes of Indian or M\u00e9tis manufacture tended to be of a softer and loose weave, frequently incorporating beads in the design.<\/h6>\n\n\n\n<h6 class=\"has-normal-font-size wp-block-heading\">The sash was used by the M\u00e9tis as a practical item of clothing. It was decorative, warm and could be used to replace a rope to tumpline if none were available. The sash has been the most persistent element of traditional M\u00e9tis dress, worn long after the capote and the Red River coat were replaced by European styles.<\/h6>\n\n\n\n<h6 class=\"has-normal-font-size wp-block-heading\">The M\u00e9tis share the sash with two other groups who also claim it as a symbol of nationhood and cultural distinction. It was worn by Eastern Woodland Indians as a sign of office in the 19th century. It was worn by French Canadians during the Lower Canada Rebellion in 1837. It is still considered to be an important part of traditional dress for both of these groups.<\/h6>\n\n\n\n<h6 class=\"has-normal-font-size wp-block-heading\">The sash has acquired new significance in the 20th century, now symbolizing pride and identification for M\u00e9tis people. Manitoba and Saskatchewan have both created \u201cThe Order of the Sash\u201d which is bestowed upon members of the M\u00e9tis community who have made cultural, political or social contributions to their people.<\/h6>\n\n\n\n<h6 class=\"has-normal-font-size wp-block-heading\">The sash is one of the most recognized garments worn by the M\u00e9tis. Traditionally, the sash or calenture flechee was worn by men, but today it can be seen on both genders either tied at the waist or draped across one shoulder. The sash can come in many different colour variations, and in the past certain colours and patterns were used to identify specific families from various communities.<\/h6>\n\n\n\n<div class=\"wp-block-columns is-layout-flex wp-container-core-columns-is-layout-28f84493 wp-block-columns-is-layout-flex\">\n<div class=\"wp-block-column is-layout-flow wp-block-column-is-layout-flow\" style=\"flex-basis:66.66%\">\n<h6 class=\"has-normal-font-size wp-block-heading\">Meaning of the Sash Colours\u2026<\/h6>\n\n\n\n<h6 class=\"has-normal-font-size wp-block-heading\">Red \u2013 Is for the blood of the M\u00e9tis that was shed through the years while fighting for our rights.<\/h6>\n\n\n\n<h6 class=\"has-normal-font-size wp-block-heading\">Blue \u2013 Is for the depth of our spirits.<\/h6>\n\n\n\n<h6 class=\"has-normal-font-size wp-block-heading\">Green \u2013 Is for the fertility of a great nation.<\/h6>\n\n\n\n<h6 class=\"has-normal-font-size wp-block-heading\">White \u2013 Is for our connection to the earth and our creator.<\/h6>\n\n\n\n<h6 class=\"has-normal-font-size wp-block-heading\">Yellow \u2013 Is for the prospect of prosperity.<\/h6>\n\n\n\n<h6 class=\"has-normal-font-size wp-block-heading\">Black \u2013 Is for the dark period of the suppression and dispossession of M\u00e9tis land.<\/h6>\n<\/div>\n\n\n\n<div class=\"wp-block-column is-layout-flow wp-block-column-is-layout-flow\" style=\"flex-basis:33.33%\">\n<figure class=\"wp-block-image size-large is-resized\"><img decoding=\"async\" src=\"https:\/\/niwikowin.ca\/wp-content\/uploads\/2021\/04\/image-6.jpeg\" alt=\"\" class=\"wp-image-89\" width=\"452\" height=\"339\"\/><\/figure>\n<\/div>\n<\/div>\n\n\n\n<h6 class=\"has-normal-font-size wp-block-heading\">Originally the sash was used for back support for the voyageurs that traveled the fur brigade trails. It was a belt that was finger woven and had fringe that hung down on either end. Some of the uses for the sash included a tie for a capote, a harness for carrying materials, and a washcloth or towel. The fringed ends were used as thread for an emergency sewing kit.<\/h6>\n\n\n\n<h6 class=\"has-normal-font-size wp-block-heading\">Although the fur trade days have long ended, the sash still remains an important symbol for the M\u00e9tis and is often presented as a gift to both M\u00e9tis and non-M\u00e9tis people.<\/h6>\n\n\n\n<h6 class=\"wp-block-heading\" style=\"font-size:21px\"><strong>The Hudson\u2019s Bay Point Blanket<\/strong><\/h6>\n\n\n\n<h6 class=\"has-normal-font-size wp-block-heading\">Point blankets were most often used by Native American tribes as a piece of clothing. The blanket was wrapped around the body and worn like a robe. The blanket became an essential part of daily wear, especially in the winter months, and its importance was reflected in the culture of the times in that it became a major form of currency in a society where barter was the lynchpin of the economy.<\/h6>\n\n\n\n<h6 class=\"has-normal-font-size wp-block-heading\">Among the many point blankets traded in those times, it was the blanket traded by the Hudson\u2019s Bay Company that became the most prized because of its excellent craftsmanship and high quality. These blankets were woven in blanket mills, mainly those in Oxfordshire and Yorkshire in England.<\/h6>\n\n\n\n<h6 class=\"has-normal-font-size wp-block-heading\">While the Hudson\u2019s Bay Company never actually manufactured the blankets, it did play a vital role in ensuring the quality and manufacturing standards of the blankets that they imported to the new world. Around 1890, the Hudson\u2019s Bay Company began affixing a label to the blankets to ensure that buyers would be receiving the genuine article, as there were many similar blankets on the market.<\/h6>\n\n\n\n<h6 class=\"has-normal-font-size wp-block-heading\">Throughout the past century, the label affixed to blankets has changed twenty six times (since 1890); this assists collectors in dating blankets to a particular time period. The Hudson\u2019s Bay blankets became so popular that eventually point blankets themselves came to be associated with the Hudson\u2019s Bay Company.<\/h6>\n\n\n\n<h6 class=\"has-normal-font-size wp-block-heading\">The blankets were sold in a variety of sizes and colours and their now trademark multi-stripe design with headers of green, red, yellow and indigo came to be associated with the Hudson\u2019s Bay Blanket around 1820. These were later called \u201cQueen Anne\u2019s colours\u201d because during her reign nearly a century earlier (1700-1714), these colours were widely popular. The association of these colours with the Hudson\u2019s Bay point blanket has grown stronger over the years and has since been adopted as part of the corporate identity of the Hudson\u2019s Bay Company.<\/h6>\n\n\n\n<h6 class=\"has-normal-font-size wp-block-heading\">Though it probably made its way there earlier with the migrations of Native American tribes, the Hudson\u2019s Bay Company in Canada eventually officially exported the blanket to the United States where it gained an association with camping and rugged outdoor life. In many cabins for rent through the United States, you will find Hudson\u2019s Bay Blankets on the beds \u2013 a sign of prestige associated with the establishment. It\u2019s a kind of moniker saying, \u201cIt may be cold and harsh outside \u2013 but you\u2019ll sleep warm tonight.\u201d<\/h6>\n\n\n\n<h6 class=\"has-normal-font-size wp-block-heading\">The cost of this well crafted blanket has grown immensely over the years. In 1800, a pair of four point blankets sold for two pounds sterling, which was then about ten US dollars. In the 1930s, a pair of four point blankets cost $22 Canadian, and by the 1950s, the cost was $25 Canadian for a single blanket. Today a four point blanket costs around $300 Canadian, and is roughly the size of a double bed.<\/h6>\n\n\n\n<h6 class=\"has-normal-font-size wp-block-heading\">Larger blankets, like the six point queen and the eight point king, cost more and were introduced during the past fifty years to accommodate larger bed sizes. Today, the blankets are made in much the same way as they were many years ago, albeit on more modern machinery.<\/h6>\n\n\n\n<h6 class=\"has-normal-font-size wp-block-heading\">The wool is gathered, blended, and then carded \u2013 a process by which the fibers are straightened. The fibers are then spun into yarn and the yarn is woven tightly into a finished blanket. The blanket is then carefully inspected, washed to remove any oils and brushed to raise the nap slightly and give it the characteristic look people have come to associate with Hudson\u2019s Bay blankets.<\/h6>\n\n\n\n<h6 class=\"has-normal-font-size wp-block-heading\">Over two centuries old, the Hudson\u2019s Bay Point Blanket has become part of the rich tapestry of the history of North America, a tapestry that\u2019s still being woven today. An Canadian icon for your bed.<\/h6>\n\n\n\n<div class=\"wp-block-columns is-layout-flex wp-container-core-columns-is-layout-28f84493 wp-block-columns-is-layout-flex\">\n<div class=\"wp-block-column is-layout-flow wp-block-column-is-layout-flow\">\n<figure class=\"wp-block-image size-large is-resized\"><img decoding=\"async\" src=\"https:\/\/niwikowin.ca\/wp-content\/uploads\/2021\/04\/image-7.jpeg\" alt=\"\" class=\"wp-image-90\" width=\"399\" height=\"259\"\/><\/figure>\n<\/div>\n\n\n\n<div class=\"wp-block-column is-layout-flow wp-block-column-is-layout-flow\">\n<h6 class=\"has-normal-font-size wp-block-heading\"><strong>The Hudson\u2019s Bay Point Blanket<\/strong><\/h6>\n\n\n\n<h6 class=\"has-normal-font-size wp-block-heading\">Over two centuries old, the Hudson\u2019s Bay Point Blanket has become part of the rich tapestry of the history of North America, a tapestry that\u2019s still being woven today. An Canadian icon for your bed.<\/h6>\n<\/div>\n<\/div>\n\n\n\n<h6 class=\"wp-block-heading\" style=\"font-size:21px\"><strong>The Dreamcatcher<\/strong><\/h6>\n\n\n\n<h6 class=\"has-normal-font-size wp-block-heading\">An ancient Chippewa tradition, the dream net (or dreamcatcher) has been made for many generations. Where spirit dreams have played, hung above the cradle board or in the lodge up high. The dream net catches bad dreams, while good dreams slip on by. Bad dreams become entangled among the sinew thread. Good dreams slip through the center hole while you dream upon your bed. This is an ancient legend since dreams will never cease. Hang a dream net above your bed and dream on and be at peace.<\/h6>\n\n\n\n<h6 class=\"has-normal-font-size wp-block-heading\">A dreamcatcher is a Native American good luck talisman reputed to bring good dreams. A knot, or \u201cmistake\u201d, is intentionally woven into each dreamcatcher to trap any bad dreams. Only good dreams would be allowed to filter through. Bad dreams would stay in the net, disappearing with the light of day.<\/h6>\n\n\n\n<h6 class=\"has-normal-font-size wp-block-heading\">Traditionally, the Ojibwa construct dreamcatchers by tying sinew strands in a web around a small round or tear-shaped frame of willow. The resulting \u201cdreamcatcher\u201d, hung above the bed, is then used as a charm to protect sleeping children from nightmares.<\/h6>\n\n\n\n<h6 class=\"has-normal-font-size wp-block-heading\">Dreamcatchers made of willow and sinew are not meant to last forever but instead are intended to dry out and collapse over time as the child enters the age of adulthood.<\/h6>\n\n\n\n<figure class=\"wp-block-image size-large\"><img loading=\"lazy\" decoding=\"async\" width=\"1000\" height=\"635\" src=\"https:\/\/niwikowin.ca\/wp-content\/uploads\/2021\/04\/image-8.jpeg\" alt=\"\" class=\"wp-image-91\" srcset=\"https:\/\/niwikowin.ca\/wp-content\/uploads\/2021\/04\/image-8.jpeg 1000w, https:\/\/niwikowin.ca\/wp-content\/uploads\/2021\/04\/image-8-300x191.jpeg 300w, https:\/\/niwikowin.ca\/wp-content\/uploads\/2021\/04\/image-8-768x488.jpeg 768w\" sizes=\"(max-width: 1000px) 100vw, 1000px\" \/><\/figure>\n\n\n\n<div class=\"wp-block-columns is-layout-flex wp-container-core-columns-is-layout-28f84493 wp-block-columns-is-layout-flex\">\n<div class=\"wp-block-column is-layout-flow wp-block-column-is-layout-flow\" style=\"flex-basis:66.66%\">\n<h6 class=\"wp-block-heading\" style=\"font-size:21px\"><strong>Learn More About M\u00e9tis<\/strong><\/h6>\n\n\n\n<h6 class=\"has-normal-font-size wp-block-heading\">Check out the links below for more information about M\u00e9tis!<\/h6>\n\n\n\n<h6 class=\"has-normal-font-size wp-block-heading\">M\u00e9tis Citizenship Applications<\/h6>\n\n\n\n<h6 class=\"has-normal-font-size wp-block-heading\">BC M\u00e9tis Federation <a href=\"http:\/\/bcmetis.com\/\">bcmetis.com<\/a><\/h6>\n\n\n\n<h6 class=\"has-normal-font-size wp-block-heading\">M\u00e9tis Nation BC <a href=\"http:\/\/www.mnbc.ca\/\">www.mnbc.ca<\/a><\/h6>\n\n\n\n<h6 class=\"has-normal-font-size wp-block-heading\">M\u00e9tis Language\/Culture<\/h6>\n\n\n\n<h6 class=\"has-normal-font-size wp-block-heading\">M\u00e9tis Culture &amp; Heritage Resource Centre <a href=\"http:\/\/metisresourcecentre.mb.ca\/\">metisresourcecentre.mb.ca<\/a><\/h6>\n\n\n\n<h6 class=\"has-normal-font-size wp-block-heading\">The Virtual Museum of M\u00e9tis History and Culture <a href=\"http:\/\/www.metismuseum.com\/main.php\">www.metismuseum.com\/main.php<\/a><\/h6>\n\n\n\n<h6 class=\"has-normal-font-size wp-block-heading\">Learn Michif <a href=\"http:\/\/www.learnmichif.com\/\">www.learnmichif.com<\/a><\/h6>\n\n\n\n<h6 class=\"has-normal-font-size wp-block-heading\">M\u00e9tis Commission for Children and Families of BC <a href=\"http:\/\/www.metiscommission.com\/\">www.metiscommission.com<\/a><\/h6>\n<\/div>\n\n\n\n<div class=\"wp-block-column is-layout-flow wp-block-column-is-layout-flow\" style=\"flex-basis:33.33%\">\n<figure class=\"wp-block-image size-large is-resized\"><img loading=\"lazy\" decoding=\"async\" src=\"https:\/\/niwikowin.ca\/wp-content\/uploads\/2021\/04\/image-e1617393075440.png\" alt=\"\" class=\"wp-image-92\" width=\"433\" height=\"350\"\/><\/figure>\n<\/div>\n<\/div>\n","protected":false},"excerpt":{"rendered":"<p>The Sash The origins of the sash reflect the diversity of the M\u00e9tis experience. The finger-weaving technique used to make the sash was firmly established in Eastern Woodland Indian Traditions. The technique created tumplines, garters and other useful household articles and items of clothing. Plant fibers were used prior to [&hellip;]<\/p>\n","protected":false},"author":2,"featured_media":0,"parent":0,"menu_order":0,"comment_status":"closed","ping_status":"closed","template":"","meta":{"footnotes":""},"class_list":["post-347","page","type-page","status-publish","hentry"],"_links":{"self":[{"href":"https:\/\/niwikowin.ca\/index.php?rest_route=\/wp\/v2\/pages\/347","targetHints":{"allow":["GET"]}}],"collection":[{"href":"https:\/\/niwikowin.ca\/index.php?rest_route=\/wp\/v2\/pages"}],"about":[{"href":"https:\/\/niwikowin.ca\/index.php?rest_route=\/wp\/v2\/types\/page"}],"author":[{"embeddable":true,"href":"https:\/\/niwikowin.ca\/index.php?rest_route=\/wp\/v2\/users\/2"}],"replies":[{"embeddable":true,"href":"https:\/\/niwikowin.ca\/index.php?rest_route=%2Fwp%2Fv2%2Fcomments&post=347"}],"version-history":[{"count":3,"href":"https:\/\/niwikowin.ca\/index.php?rest_route=\/wp\/v2\/pages\/347\/revisions"}],"predecessor-version":[{"id":429,"href":"https:\/\/niwikowin.ca\/index.php?rest_route=\/wp\/v2\/pages\/347\/revisions\/429"}],"wp:attachment":[{"href":"https:\/\/niwikowin.ca\/index.php?rest_route=%2Fwp%2Fv2%2Fmedia&parent=347"}],"curies":[{"name":"wp","href":"https:\/\/api.w.org\/{rel}","templated":true}]}}